hat are the prime factors of k?
2, 3, 19
List the prime factors of 633735/(-20)*356/(-267).
3, 14083
Let i(t) = 16*t**2 - 41*t + 1. Let l be i(6). Let u = 536 - l. What are the prime factors of u?
5, 41
Suppose -3*k - 8*u - 1380 = -3*u, 3*u + 464 = -k. Let t = -434 - k. What are the prime factors of t?
3, 7
List the prime factors of (1 + 16/(-6))*(-158781)/35.
7561
Let f = 107316 - 74077. What are the prime factors of f?
43, 773
Let d(c) = -c**2 + 8*c + 26. Let l be d(10). Suppose 214 = j - 5*o, 4*j + l*o = 2*o + 928. What are the prime factors of j?
229
Let z = -96 + 134. Suppose -3*h + 83 = z. What are the prime factors of 3/(60/4) + 372/h?
5
Suppose -2 = 129*l - 127*l, -2*w = 4*l + 4. Let c be (-720)/(-50) + (-3)/(-5). Suppose -2*j + 171 - c = w. List the prime factors of j.
2, 3, 13
Suppose 0*l = -17*l + 2*l. List the prime factors of (-6 - (-1 + l)) + 508.
503
Suppose 0 = y + 4*s - 1, 0*s - 27 = -5*y + 2*s. Suppose -7*n + 4779 = -y*b, -2*n = b - 2289 + 926. What are the prime factors of n?
2, 11, 31
Let p be 5*(16/5 + 2). Let r be (p/3)/(8/(-36)). Let w = 125 + r. List the prime factors of w.
2, 43
Suppose 0 = -3*k - 0*k + 144. Suppose -5*i = -3*p - 2*p + 25, -3*i - 3 = 0. Suppose p*s - k + 260 = 5*d, -5*d + 2*s + 216 = 0. List the prime factors of d.
2, 11
Suppose -2*c - 5*s + 5 = -14, -c + 4*s - 10 = 0. What are the prime factors of (-1)/(c/29)*-18?
3, 29
What are the prime factors of 0 + 2363/(7/21*3)?
17, 139
Suppose 7*p + s + 40 = 2*p, -3*s = 5*p + 50. List the prime factors of p/(-5 - 378/(-76)).
2, 7, 19
Let x(d) = -33*d + 6. Let n(b) = b. Let r(m) = 4*n(m) - 2*x(m). List the prime factors of r(1).
2, 29
Let i = -228 + 377. Let b = 16 + i. List the prime factors of b.
3, 5, 11
Suppose 135*u - 130*u = 440. Suppose c = 5*y + 136 - 535, c = 1. Suppose u + y = 3*q. What are the prime factors of q?
2, 7
Let g(v) = -115*v**2 + 33*v**2 + 39*v**2 + 37*v**2 - 5*v**3 + 17*v + 67. What are the prime factors of g(-6)?
829
Let j(u) = 2*u**2 + 19*u - 51. Let c(i) = i**2 + 9*i - 25. Let m(s) = 5*c(s) - 2*j(s). Let o be m(-9). What are the prime factors of ((-45)/o)/((-6)/(-64)*1)?
2, 3
Let f(m) = -m**2 + 17*m - 63. Let c be f(6). What are the prime factors of (-607)/(c - (0 - -4))?
607
Let y(h) = -3*h**3 - 26*h**2 - 18*h - 11. Let x be y(-8). Let v = 73 + -148. Let s = x - v. What are the prime factors of s?
2, 5
Suppose -2306 = 4*j - 26442. What are the prime factors of j?
2, 7, 431
Let t(h) = -3*h**2 - 34 - 39 + 45 + 9*h + 25*h**2 - 10. What are the prime factors of t(-6)?
2, 5, 7
Let w = -6638 + 17701. What are the prime factors of w?
13, 23, 37
Let c be -4 - (-9 + 17 + -9). Let z(a) = -32*a**3 - 8*a**2 - 20*a - 11. What are the prime factors of z(c)?
29
Suppose -7*p + 1068 = 5*p. Let n = -87 + p. Suppose v - n*h = h + 115, -4*h = -8. What are the prime factors of v?
11
Let o = 539 + -535. Let u(t) = 4*t**3 + t**2 - t + 11. List the prime factors of u(o).
3, 31
Let b = -234 - -234. Suppose b = 3*i - 1569 - 327. What are the prime factors of i?
2, 79
Suppose 2*l = -2*l + 160. Let p(a) = -a - 6. Let i be p(9). Let n = i + l. List the prime factors of n.
5
Let b(i) = 10*i**2 - 2*i + 1. Let f be b(1). Suppose 15*u - 870 = f*u. Suppose -u = -2*s - 43. List the prime factors of s.
3, 17
Suppose h - 198999 + 44004 = -5*f, -4*h + 62016 = 2*f. What are the prime factors of f?
2, 11, 1409
Let b(f) = 44*f + 28. Let n be b(2). Suppose 0 = -4*r + 2*g + n, -4*r + 4*g - 6*g + 132 = 0. What are the prime factors of r?
31
Suppose 5*j + 2*a = 223, 0 = -j + 5*j + a - 176. Suppose 18105 = 60*o - j*o. List the prime factors of o.
3, 5, 71
Let v = -14 + 10. Let b be 56*(81/v)/(-9). What are the prime factors of 2/7 - (-22014)/b?
5, 7
Let f = 797 - 794. Suppose -t - 1134 = -f*u, 2*u + 3*u - 4*t - 1883 = 0. What are the prime factors of u?
379
Suppose -2*r + 88265 = -729*b + 726*b, -4*r = -b - 176495. What are the prime factors of r?
2, 13, 1697
Let r(h) = 709*h**2 - 34*h - 158. List the prime factors of r(-6).
2, 5, 2557
Suppose 2*b - 67486 = -5*y, b - 31459 = 4*y + 2271. What are the prime factors of b?
2, 3, 5623
Suppose o = 2*r - 69812, 3*o + 40998 = 4*r - 98626. What are the prime factors of r?
2, 31, 563
Let c(p) = 3*p**2 - 50*p + 2513. List the prime factors of c(54).
7, 1223
Let j = -18792 - -26973. What are the prime factors of j?
3, 101
Let t(h) be the first derivative of -7*h**2/2 + 7*h - 52. What are the prime factors of t(-19)?
2, 5, 7
Let t = -23 - -20. Let f be 3*(-10)/15 - 2. What are the prime factors of (0 + 176)*f*t/12?
2, 11
Let j be 3/7 + -2*53/(-14). Suppose 3*h - j*n + 11*n + 6 = 0, 17 = -h - 4*n. Suppose -h*f + 9 = -384. What are the prime factors of f?
131
Let f be 40/220 - 9324/(-22). Suppose -20*n = -22*n + f. Let i = -143 + n. What are the prime factors of i?
3, 23
Let l be 0*(0 + 2/2). Suppose l = 2*j - 4*j. Suppose -3*y + 5*p = -j*p - 281, 0 = -4*y - 4*p + 364. What are the prime factors of y?
2, 23
Let y be 2/12 - 161*6/(-36). Suppose x - 5*k = y, k - 19 = -5*x - 3*k. Suppose x*t = 2*t + 165. List the prime factors of t.
3, 11
What are the prime factors of (101 - 90/(-10))*(-12)/(-2) - -2?
2, 331
Let l(n) be the second derivative of n**5/20 + 7*n**4/4 + 8*n**2 - 37*n. Let b be l(-21). What are the prime factors of (436/b)/(2/8)?
109
Suppose -82*t + 15*t = -1172232. List the prime factors of t.
2, 3
Let z(q) = -q**3 + 6*q + 7. Let w be z(-1). What are the prime factors of 1*w*(2094/12 - 1)?
347
Let h(s) = s**2 + 13*s + 4. Let n be h(-13). List the prime factors of 1*(-1 + 92) + n.
5, 19
Let q = 37948 + -13293. What are the prime factors of q?
5, 4931
Let i(x) = -x**3 + 17*x**2 - 31*x + 17. Let q be i(15). Suppose 3*w + 9 = -0*w. List the prime factors of q + w - (-3 - 42).
2, 11
Let c be -39*4/(-12) - (1 + 3). Suppose 4*o = -20, 5*q - c*q = 3*o - 825. List the prime factors of q.
2, 3, 5, 7
What are the prime factors of (4 - 74/18) + 764422/306?
2, 1249
Let p(k) = -6*k - 45. Let o be p(-8). Suppose 4*c = -3*r + 797, -1330 = -2*r - o*r - 5*c. List the prime factors of r.
3, 89
Let d be (-3 - 273/(-2))/(21/28). Suppose -4*a + d = -h, 4*a - 15*h - 168 = -19*h. What are the prime factors of a?
2, 11
Suppose 5*s - 3*c = -869 - 2607, 3*c = 3*s + 2082. Let b = s + 1426. List the prime factors of b.
3
Let m = 146186 + -92836. List the prime factors of m.
2, 5, 11, 97
Suppose -14*j + 0*j + 281556 = 4*j. What are the prime factors of j?
2, 3, 11, 79
Let g be (-62)/(-2)*(-6 + -3). Let k = 609 + g. List the prime factors of k.
2, 3, 5, 11
Let r be (4 + (-65)/(-20))*8. Suppose 0*a - 2*f + r = -a, -5*f - 134 = 2*a. Let s = 100 + a. List the prime factors of s.
2, 19
Suppose 3*d = -2*t + 1918 + 365, 10 = 2*d. List the prime factors of t.
2, 3, 7
Suppose 4*j - 444 = m, -3*j + j = -m - 224. Let x = j + 77. List the prime factors of x.
11, 17
List the prime factors of 18588685/341 - 88/(-121).
3, 673
Suppose 16 = 4*g, 4*o - 9*g - 23656 = -g. What are the prime factors of o?
2, 3, 7, 47
Let p be (-42)/(-399) + 33002*(-4)/(-38). Suppose 303*l = 300*l + p. List the prime factors of l.
2, 3, 193
Suppose -229 = -14*k + 65. Let j = -3 - -261. Let a = j - k. List the prime factors of a.
3, 79
Suppose 5*x - 10328 = 2*k, 50*x = 55*x + k - 10316. What are the prime factors of x?
2, 3, 43
Let p(g) = 82*g**2 + 74*g + 1398. List the prime factors of p(-19).
2, 14797
Suppose 0*n = -n + 230. Let z(h) = h**3 - 16*h**2 + 39*h - 286. Let i be z(14). Let r = n + i. List the prime factors of r.
2, 7
Suppose 4*n = 17*n - 11*n - 45806. List the prime factors of n.
37, 619
Suppose 20*d + 2058 = 23*d. Suppose 5*l - 2964 = d. What are the prime factors of l?
2, 5, 73
Suppose 145*l - 5595201 = -166*l. What are the prime factors of l?
3, 1999
Let v = -14307 - -24785. What are the prime factors of v?
2, 13, 31
Let u(h) = 52228*h + 284. What are the prime factors of u(1)?
2, 3, 547
Let p = 7 - 6. Suppose -5 - p = -3*y. Suppose 5*v - 99 = y*v. What are the prime factors of v?
3, 11
What are the prime factors of (-41)/(574/12)*35*(-1952)/3?
2, 5, 61
Let v = -88 + 94. Let b(y) = 3*y**2 - y - 13. List the prime factors of b(v).
89
Let h = -12254 - -21997. List the prime factors of h.
9743
Let h = 87 + -88. List the prime factors of 99 + (3 - (4 + h)).
3, 11
Let v = 125204 + -68755. 